{"version":"1.0","provider_name":"caf\u00e9 mystra","provider_url":"https:\/\/cafemystra.cafeblog.hu","author_name":"Moni","author_url":"https:\/\/cafemystra.cafeblog.hu\/author\/moni-2\/","title":"K\u00e1v\u00e9sz\u00fcnet #26","html":"<p style=\"text-align: justify\"><a href=\"https:\/\/cafemystra.cafeblog.hu\/files\/2013\/06\/ka\u0301ve\u0301szu\u0308net2622.jpg\"><img class=\"alignleft  wp-image-9778\" alt=\"ka\u0301ve\u0301szu\u0308net262\" src=\"https:\/\/cafemystra.cafeblog.hu\/files\/2013\/06\/ka\u0301ve\u0301szu\u0308net2622-300x300.jpg\" width=\"189\" height=\"189\" \/><\/a>Megkezd\u0151d\u00f6tt a ny\u00e1ri szabads\u00e1gok szezonja. Egy kis szabads\u00e1gra ugyanis mindannyiunknak sz\u00fcks\u00e9ge van. (\u00c1tvitt \u00e9rtelemben is, de most konkr\u00e9tan a munkasz\u00fcnetre gondolok.) A legt\u00f6bb munkahelyen egyre nagyobb a hajt\u00e1s, egyre t\u00f6bb az elv\u00e1r\u00e1s, ezzel egy\u00fctt folyamatosan fokoz\u00f3dik lelk\u00fcnkben \u00e9s test\u00fcnkben a nyom\u00e1s. M\u00e9g a leginspir\u00e1l\u00f3bb, legv\u00e1ltozatosabb, sz\u00edvb\u0151l v\u00e9gzett munka is el\u0151bb-ut\u00f3bb lef\u00e1raszt. \u00c9szre sem vessz\u00fck, \u00e9s a kimer\u00fclts\u00e9g el\u00e9r egy olyan szintet, ami m\u00e1r nem tarthat\u00f3 fenn eg\u00e9szs\u00e9gesen. Hirtelen r\u00e1nk t\u00f6r a f\u00e1radts\u00e1g \u00e9s a rosszkedv, nem tudunk koncentr\u00e1lni, elfogy a motiv\u00e1ci\u00f3. Ilyenkor musz\u00e1j kil\u00e9pni a mindennapi tev\u00e9kenys\u00e9gb\u0151l, miel\u0151tt m\u00e9g k\u00e9s\u0151 lenne \u00e9s kimer\u00fclts\u00e9g\u00fcnknek az \u00e9leter\u0151nk l\u00e1tn\u00e1 k\u00e1r\u00e1t. Sz\u00fcks\u00e9g\u00fcnk van n\u00e9h\u00e1ny napra, amikor nincs megfelel\u00e9sk\u00e9nyszer, nincs kapkod\u00e1s, stressz, sz\u00e1monk\u00e9r\u00e9s. A nyaral\u00e1s alatt pihenhet\u00fcnk, k\u00f6zelebb ker\u00fclhet\u00fcnk a term\u00e9szethez, \u00e9lvezhetj\u00fck a napf\u00e9ny j\u00f3t\u00e9kony hat\u00e1s\u00e1t, \u00faj \u00e9lm\u00e9nyeket szerezhet\u00fcnk, \u00faj dolgokat ismerhet\u00fcnk meg, amelyek felt\u00f6ltenek energi\u00e1val, vitalit\u00e1ssal. Visszat\u00e9rve azt\u00e1n \u00fajra tettre k\u00e9szen vethetj\u00fck bele magunkat a munk\u00e1ba.<\/p>\r\n<p style=\"text-align: justify\">Itt a blogon ezen a h\u00e9ten a legolvasottabb bejegyz\u00e9s a p\u00e9nteki cikk volt:<\/p>\r\n<p style=\"text-align: justify\">- <a href=\"https:\/\/cafemystra.cafeblog.hu\/2013\/06\/28\/stilus-inspiracio-maxiruha\/\" target=\"_blank\">St\u00edlus inspir\u00e1ci\u00f3: Maxiruha<\/a><\/p>\r\n<p style=\"text-align: justify\">Szok\u00e1s szerint volt k\u00e9t lak\u00e1sos poszt is, mindkett\u0151 az \u00e1ltalam annyira im\u00e1dott skandin\u00e1v st\u00edlusb\u00f3l:<\/p>\r\n<p style=\"text-align: justify\">- <a href=\"https:\/\/cafemystra.cafeblog.hu\/2013\/06\/24\/tetoter-stockholmban\/\" target=\"_blank\">Tet\u0151t\u00e9r Stockholmban<\/a><\/p>\r\n<p style=\"text-align: justify\">- <a href=\"https:\/\/cafemystra.cafeblog.hu\/2013\/06\/26\/feny-es-arnyek\/\" target=\"_blank\">F\u00e9ny \u00e9s \u00e1rny\u00e9k<\/a><\/p>\r\n<p style=\"text-align: justify\">Kedden az \u00e9tkez\u0151 megvil\u00e1g\u00edt\u00e1s\u00e1hoz v\u00e1logattam szemreval\u00f3 \u00f6tleteket:<\/p>\r\n<p style=\"text-align: justify\">- <a href=\"https:\/\/cafemystra.cafeblog.hu\/2013\/06\/25\/vilagitas-az-etkezoben\/\" target=\"_blank\">Vil\u00e1g\u00edt\u00e1s az \u00e9tkez\u0151ben<\/a><\/p>\r\n<p style=\"text-align: justify\">Cs\u00fct\u00f6rt\u00f6k\u00f6n pedig azt j\u00e1rtuk k\u00f6r\u00fcl, hogy a sz\u00ednes h\u0171t\u0151szekr\u00e9nyeket hogyan alkalmazhatjuk meghat\u00e1roz\u00f3 diz\u00e1jnelemk\u00e9nt a konyh\u00e1ban:<\/p>\r\n<p style=\"text-align: justify\">- <a href=\"https:\/\/cafemystra.cafeblog.hu\/2013\/06\/27\/hidegre-tett-szinek\/\" target=\"_blank\">Hidegre tett sz\u00ednek<\/a><\/p>\r\n<p style=\"text-align: justify\">K\u00f6sz\u00f6n\u00f6m, hogy bet\u00e9rt\u00e9l n\u00e9h\u00e1ny percre a Caf\u00e9 Mystr\u00e1ba, sok \u00e9rdekes t\u00e9m\u00e1val v\u00e1rlak vissza m\u00e1skor is. Addig is \u00f6r\u00f6mteli, t\u00f6ltekez\u0151s h\u00e9tv\u00e9g\u00e9t k\u00edv\u00e1nok, ak\u00e1rmit is tervezt\u00e9l j\u00fanius utols\u00f3 napjaira!<\/p>\r\n<a href=\"http:\/\/1.bp.blogspot.com\/-QruCPsw0hOc\/Uc3-78bI7wI\/AAAAAAAALpQ\/6Uhsrk6pux8\/s674\/261.jpg\"><img alt=\"\" src=\"https:\/\/cafemystra.cafeblog.hu\/files\/2013\/06\/261.jpg\" width=\"473\" height=\"640\" border=\"0\" \/><\/a>\r\n\r\nK\u00e9pek k\u00f6sz\u00f6nettel a Pinterestr\u0151l\r\n\r\n&nbsp;\r\n<p style=\"text-align: justify\">Ha tetszett a bejegyz\u00e9s, k\u00f6sz\u00f6n\u00f6m, hogy megosztod m\u00e1sokkal is.<\/p>\r\n<p style=\"text-align: justify\">A blog Facebook oldal\u00e1hoz\u00a0<a href=\"http:\/\/www.facebook.com\/cafemystra\" target=\"_blank\">ide kattintva<\/a>\u00a0csatlakozhatsz, ahol plusz tartalmakat tal\u00e1lsz \u00e9s \u00e9rtes\u00edt\u00e9st kapsz a friss posztokr\u00f3l is. :)<\/p>\r\n&nbsp;","type":"rich"}

café mystra

Kávészünet #26

<p style="text-align: justify"><a href="https://cafemystra.cafeblog.hu/files/2013/06/kávészünet2622.jpg"><img class="alignleft  wp-image-9778" alt="kávészünet262" src="https://cafemystra.cafeblog.hu/files/2013/06/kávészünet2622-300x300.jpg" width="189" height="189" /></a>Megkezdődött a nyári szabadságok szezonja. Egy kis szabadságra ugyanis mindannyiunknak szüksége van. (Átvitt értelemben is, de most konkrétan a munkaszünetre gondolok.) A legtöbb munkahelyen egyre nagyobb a hajtás, egyre több az elvárás, ezzel együtt folyamatosan fokozódik lelkünkben és testünkben a nyomás. Még a leginspirálóbb, legváltozatosabb, szívből végzett munka is előbb-utóbb lefáraszt. Észre sem vesszük, és a kimerültség elér egy olyan szintet, ami már nem tartható fenn egészségesen. Hirtelen ránk tör a fáradtság és a rosszkedv, nem tudunk koncentrálni, elfogy a motiváció. Ilyenkor muszáj kilépni a mindennapi tevékenységből, mielőtt még késő lenne és kimerültségünknek az életerőnk látná kárát. Szükségünk van néhány napra, amikor nincs megfeleléskényszer, nincs kapkodás, stressz, számonkérés. A nyaralás alatt pihenhetünk, közelebb kerülhetünk a természethez, élvezhetjük a napfény jótékony hatását, új élményeket szerezhetünk, új dolgokat ismerhetünk meg, amelyek feltöltenek energiával, vitalitással. Visszatérve aztán újra tettre készen vethetjük bele magunkat a munkába.</p>
<p style="text-align: justify">Itt a blogon ezen a héten a legolvasottabb bejegyzés a pénteki cikk volt:</p>
<p style="text-align: justify">- <a href="https://cafemystra.cafeblog.hu/2013/06/28/stilus-inspiracio-maxiruha/" target="_blank">Stílus inspiráció: Maxiruha</a></p>
<p style="text-align: justify">Szokás szerint volt két lakásos poszt is, mindkettő az általam annyira imádott skandináv stílusból:</p>
<p style="text-align: justify">- <a href="https://cafemystra.cafeblog.hu/2013/06/24/tetoter-stockholmban/" target="_blank">Tetőtér Stockholmban</a></p>
<p style="text-align: justify">- <a href="https://cafemystra.cafeblog.hu/2013/06/26/feny-es-arnyek/" target="_blank">Fény és árnyék</a></p>
<p style="text-align: justify">Kedden az étkező megvilágításához válogattam szemrevaló ötleteket:</p>
<p style="text-align: justify">- <a href="https://cafemystra.cafeblog.hu/2013/06/25/vilagitas-az-etkezoben/" target="_blank">Világítás az étkezőben</a></p>
<p style="text-align: justify">Csütörtökön pedig azt jártuk körül, hogy a színes hűtőszekrényeket hogyan alkalmazhatjuk meghatározó dizájnelemként a konyhában:</p>
<p style="text-align: justify">- <a href="https://cafemystra.cafeblog.hu/2013/06/27/hidegre-tett-szinek/" target="_blank">Hidegre tett színek</a></p>
<p style="text-align: justify">Köszönöm, hogy betértél néhány percre a Café Mystrába, sok érdekes témával várlak vissza máskor is. Addig is örömteli, töltekezős hétvégét kívánok, akármit is terveztél június utolsó napjaira!</p>
<a href="http://1.bp.blogspot.com/-QruCPsw0hOc/Uc3-78bI7wI/AAAAAAAALpQ/6Uhsrk6pux8/s674/261.jpg"><img alt="" src="https://cafemystra.cafeblog.hu/files/2013/06/261.jpg" width="473" height="640" border="0" /></a>

Képek köszönettel a Pinterestről

&nbsp;
<p style="text-align: justify">Ha tetszett a bejegyzés, köszönöm, hogy megosztod másokkal is.</p>
<p style="text-align: justify">A blog Facebook oldalához <a href="http://www.facebook.com/cafemystra" target="_blank">ide kattintva</a> csatlakozhatsz, ahol plusz tartalmakat találsz és értesítést kapsz a friss posztokról is. :)</p>
&nbsp;
