{"version":"1.0","provider_name":"caf\u00e9 mystra","provider_url":"https:\/\/cafemystra.cafeblog.hu","author_name":"Moni","author_url":"https:\/\/cafemystra.cafeblog.hu\/author\/moni-2\/","title":"L\u00e1tv\u00e1nyos sv\u00e9d kislak\u00e1s","html":"<p style=\"text-align: justify\">Ez a sv\u00e9d kislak\u00e1s remek p\u00e9lda arra, hogy nem felt\u00e9tlen\u00fcl az ingatlan alapter\u00fclet\u00e9nek nagys\u00e1g\u00e1n m\u00falik a st\u00edlusos, rendezett, nyugodt \u00e9letk\u00f6r\u00fclm\u00e9nyek megteremt\u00e9se.<\/p>\r\n<p style=\"text-align: justify\">A zs\u00fafolts\u00e1g elker\u00fcl\u00e9se \u00e9rdek\u00e9ben a k\u00e9t szer\u00e9ny m\u00e9ret\u0171 szob\u00e1ba csak a legsz\u00fcks\u00e9gesebb dolgok ker\u00fclhettek. A nappaliban a kanap\u00e9, doh\u00e1nyz\u00f3asztal, lerak\u00f3 polc \u00e9s egy kisszekr\u00e9ny kapott helyet n\u00e9h\u00e1ny t\u00e1rol\u00f3kos\u00e1r t\u00e1rsas\u00e1g\u00e1ban. A\u00a0h\u00e1l\u00f3szoba egyik v\u00e9g\u00e9be \u00e9ppen csak bef\u00e9rt az \u00e1gy, m\u00e1sik v\u00e9g\u00e9be pedig egy minden cuccot elnyel\u0151 szekr\u00e9ny \u00e9s egy dolgoz\u00f3sarok.<\/p>\r\n<p style=\"text-align: justify\">Nagyon szerencs\u00e9s, hogy az \u00e9tkez\u0151nek is tudtak k\u00fcl\u00f6n helyet szor\u00edtani, hiszen a teny\u00e9rnyi konyh\u00e1ban neh\u00e9z lett volna megoldani a k\u00e9nyelmes \u00e9tkez\u00e9st.<\/p>\r\n<p style=\"text-align: justify\">Az \u00fcgyes, \u00e1tgondolt berendezked\u00e9s m\u00e1r mag\u00e1ban is f\u00e9l siker egy j\u00f3l \u00e9lhet\u0151 kislak\u00e1s kialak\u00edt\u00e1sakor, itt viszont l\u00e1tszik, hogy a st\u00edlus megteremt\u00e9s\u00e9re is tudatosan odafigyeltek.<\/p>\r\n<p style=\"text-align: justify\">A megnyugtat\u00f3 sz\u00ednpaletta kellemes a szemnek, a form\u00e1s b\u00fatorok pedig bar\u00e1ts\u00e1goss\u00e1 \u00e9s h\u00edvogat\u00f3v\u00e1 teszik az enteri\u0151rt. Emellett az olyan l\u00e1tv\u00e1nyos kieg\u00e9sz\u00edt\u0151k var\u00e1zsolj\u00e1k igaz\u00e1n trendiv\u00e9, ugyanakkor egyediv\u00e9 is az \u00f6sszk\u00e9pet, mint a t\u00fckr\u00f6kb\u0151l \u00f6ssze\u00e1ll\u00edtott kompoz\u00edci\u00f3 az \u00e9tkez\u0151ben, a mutat\u00f3s csill\u00e1r a nappaliban, a romantikus baldahin a h\u00e1l\u00f3ban vagy ak\u00e1r a konyha geometrikus dekorja.<\/p>\r\n<p style=\"text-align: justify\">Nem is igaz\u00e1n tudn\u00e9k kiemelni egy-egy helyis\u00e9get, hiszen minden szob\u00e1ban van valami megkap\u00f3, k\u00fcl\u00f6nleges r\u00e9szlet, de ha musz\u00e1j lenne v\u00e1lasztanom egy kedvencet, akkor a szuper csini dolgoz\u00f3sarok lenne az. Nagyon szeretn\u00e9k \u00e9n is egy ilyen inspir\u00e1l\u00f3 kis zugot magamnak! :)<\/p>\r\n<a href=\"https:\/\/cafemystra.cafeblog.hu\/files\/2014\/09\/tiny_swedish_home_1.jpg\"><img class=\"aligncenter size-full wp-image-18970\" src=\"https:\/\/cafemystra.cafeblog.hu\/files\/2014\/09\/tiny_swedish_home_1.jpg\" alt=\"tiny_swedish_home_1\" width=\"1982\" height=\"1487\" \/><\/a> <a href=\"https:\/\/cafemystra.cafeblog.hu\/files\/2014\/09\/tiny_swedish_home_2.jpg\"><img class=\"aligncenter size-full wp-image-18971\" src=\"https:\/\/cafemystra.cafeblog.hu\/files\/2014\/09\/tiny_swedish_home_2.jpg\" alt=\"tiny_swedish_home_2\" width=\"1982\" height=\"1485\" \/><\/a> <a href=\"https:\/\/cafemystra.cafeblog.hu\/files\/2014\/09\/tiny_swedish_home_3.jpg\"><img class=\"aligncenter size-full wp-image-18972\" src=\"https:\/\/cafemystra.cafeblog.hu\/files\/2014\/09\/tiny_swedish_home_3.jpg\" alt=\"tiny_swedish_home_3\" width=\"1535\" height=\"2048\" \/><\/a> <a href=\"https:\/\/cafemystra.cafeblog.hu\/files\/2014\/09\/tiny_swedish_home_4.jpg\"><img class=\"aligncenter size-full wp-image-18973\" src=\"https:\/\/cafemystra.cafeblog.hu\/files\/2014\/09\/tiny_swedish_home_4.jpg\" alt=\"tiny_swedish_home_4\" width=\"1535\" height=\"2048\" \/><\/a> <a href=\"https:\/\/cafemystra.cafeblog.hu\/files\/2014\/09\/tiny_swedish_home_5.jpg\"><img class=\"aligncenter size-full wp-image-18974\" src=\"https:\/\/cafemystra.cafeblog.hu\/files\/2014\/09\/tiny_swedish_home_5.jpg\" alt=\"tiny_swedish_home_5\" width=\"1982\" height=\"1485\" \/><\/a> <a href=\"https:\/\/cafemystra.cafeblog.hu\/files\/2014\/09\/tiny_swedish_home_6.jpg\"><img class=\"aligncenter size-full wp-image-18975\" src=\"https:\/\/cafemystra.cafeblog.hu\/files\/2014\/09\/tiny_swedish_home_6.jpg\" alt=\"tiny_swedish_home_6\" width=\"1982\" height=\"1485\" \/><\/a> <a href=\"https:\/\/cafemystra.cafeblog.hu\/files\/2014\/09\/tiny_swedish_home_7.jpg\"><img class=\"aligncenter size-full wp-image-18976\" src=\"https:\/\/cafemystra.cafeblog.hu\/files\/2014\/09\/tiny_swedish_home_7.jpg\" alt=\"tiny_swedish_home_7\" width=\"1535\" height=\"2048\" \/><\/a> <a href=\"https:\/\/cafemystra.cafeblog.hu\/files\/2014\/09\/tiny_swedish_home_8.jpg\"><img class=\"aligncenter size-full wp-image-18977\" src=\"https:\/\/cafemystra.cafeblog.hu\/files\/2014\/09\/tiny_swedish_home_8.jpg\" alt=\"tiny_swedish_home_8\" width=\"1982\" height=\"1487\" \/><\/a> <a href=\"https:\/\/cafemystra.cafeblog.hu\/files\/2014\/09\/tiny_swedish_home_9.jpg\"><img class=\"aligncenter size-full wp-image-18978\" src=\"https:\/\/cafemystra.cafeblog.hu\/files\/2014\/09\/tiny_swedish_home_9.jpg\" alt=\"tiny_swedish_home_9\" width=\"1535\" height=\"2048\" \/><\/a> <a href=\"https:\/\/cafemystra.cafeblog.hu\/files\/2014\/09\/tiny_swedish_home_10.jpg\"><img class=\"aligncenter size-full wp-image-18979\" src=\"https:\/\/cafemystra.cafeblog.hu\/files\/2014\/09\/tiny_swedish_home_10.jpg\" alt=\"tiny_swedish_home_10\" width=\"1534\" height=\"2048\" \/><\/a>\r\n\r\n<a href=\"http:\/\/decor8blog.com\/2014\/09\/04\/tiny-stylish-apartment-in-sweden\/\" target=\"_blank\">Forr\u00e1s<\/a> k\u00f6sz\u00f6nettel\r\n\r\n&nbsp;\r\n<p style=\"text-align: justify\">Ha tetszett a bejegyz\u00e9s,\u00a0k\u00f6sz\u00f6n\u00f6m, hogy megosztod m\u00e1sokkal is.<\/p>\r\n<p style=\"text-align: justify\">A blog Facebook oldal\u00e1hoz\u00a0<a href=\"http:\/\/www.facebook.com\/cafemystra\" target=\"_blank\">ide kattintva<\/a>\u00a0csatlakozhatsz, ahol plusz tartalmakat tal\u00e1lsz \u00e9s \u00e9rtes\u00edt\u00e9st kapsz a friss posztokr\u00f3l is. Ne felejtsd bejel\u00f6lni a k\u00f6vet\u00e9s funkci\u00f3t! :)<\/p>\r\n<p style=\"text-align: justify\">K\u00f6sz\u00f6n\u00f6m, hogy bet\u00e9rt\u00e9l n\u00e9h\u00e1ny percre a Caf\u00e9 Mystr\u00e1ba, m\u00e1skor is \u00e9rdekes bejegyz\u00e9sekkel, \u00fajabb inspir\u00e1ci\u00f3kkal v\u00e1rlak vissza!<\/p>\r\n\u2661\u2661\u2661\r\n\r\n&nbsp;","type":"rich"}

café mystra

Látványos svéd kislakás

<p style="text-align: justify">Ez a svéd kislakás remek példa arra, hogy nem feltétlenül az ingatlan alapterületének nagyságán múlik a stílusos, rendezett, nyugodt életkörülmények megteremtése.</p>
<p style="text-align: justify">A zsúfoltság elkerülése érdekében a két szerény méretű szobába csak a legszükségesebb dolgok kerülhettek. A nappaliban a kanapé, dohányzóasztal, lerakó polc és egy kisszekrény kapott helyet néhány tárolókosár társaságában. A hálószoba egyik végébe éppen csak befért az ágy, másik végébe pedig egy minden cuccot elnyelő szekrény és egy dolgozósarok.</p>
<p style="text-align: justify">Nagyon szerencsés, hogy az étkezőnek is tudtak külön helyet szorítani, hiszen a tenyérnyi konyhában nehéz lett volna megoldani a kényelmes étkezést.</p>
<p style="text-align: justify">Az ügyes, átgondolt berendezkedés már magában is fél siker egy jól élhető kislakás kialakításakor, itt viszont látszik, hogy a stílus megteremtésére is tudatosan odafigyeltek.</p>
<p style="text-align: justify">A megnyugtató színpaletta kellemes a szemnek, a formás bútorok pedig barátságossá és hívogatóvá teszik az enteriőrt. Emellett az olyan látványos kiegészítők varázsolják igazán trendivé, ugyanakkor egyedivé is az összképet, mint a tükrökből összeállított kompozíció az étkezőben, a mutatós csillár a nappaliban, a romantikus baldahin a hálóban vagy akár a konyha geometrikus dekorja.</p>
<p style="text-align: justify">Nem is igazán tudnék kiemelni egy-egy helyiséget, hiszen minden szobában van valami megkapó, különleges részlet, de ha muszáj lenne választanom egy kedvencet, akkor a szuper csini dolgozósarok lenne az. Nagyon szeretnék én is egy ilyen inspiráló kis zugot magamnak! :)</p>
<a href="https://cafemystra.cafeblog.hu/files/2014/09/tiny_swedish_home_1.jpg"><img class="aligncenter size-full wp-image-18970" src="https://cafemystra.cafeblog.hu/files/2014/09/tiny_swedish_home_1.jpg" alt="tiny_swedish_home_1" width="1982" height="1487" /></a> <a href="https://cafemystra.cafeblog.hu/files/2014/09/tiny_swedish_home_2.jpg"><img class="aligncenter size-full wp-image-18971" src="https://cafemystra.cafeblog.hu/files/2014/09/tiny_swedish_home_2.jpg" alt="tiny_swedish_home_2" width="1982" height="1485" /></a> <a href="https://cafemystra.cafeblog.hu/files/2014/09/tiny_swedish_home_3.jpg"><img class="aligncenter size-full wp-image-18972" src="https://cafemystra.cafeblog.hu/files/2014/09/tiny_swedish_home_3.jpg" alt="tiny_swedish_home_3" width="1535" height="2048" /></a> <a href="https://cafemystra.cafeblog.hu/files/2014/09/tiny_swedish_home_4.jpg"><img class="aligncenter size-full wp-image-18973" src="https://cafemystra.cafeblog.hu/files/2014/09/tiny_swedish_home_4.jpg" alt="tiny_swedish_home_4" width="1535" height="2048" /></a> <a href="https://cafemystra.cafeblog.hu/files/2014/09/tiny_swedish_home_5.jpg"><img class="aligncenter size-full wp-image-18974" src="https://cafemystra.cafeblog.hu/files/2014/09/tiny_swedish_home_5.jpg" alt="tiny_swedish_home_5" width="1982" height="1485" /></a> <a href="https://cafemystra.cafeblog.hu/files/2014/09/tiny_swedish_home_6.jpg"><img class="aligncenter size-full wp-image-18975" src="https://cafemystra.cafeblog.hu/files/2014/09/tiny_swedish_home_6.jpg" alt="tiny_swedish_home_6" width="1982" height="1485" /></a> <a href="https://cafemystra.cafeblog.hu/files/2014/09/tiny_swedish_home_7.jpg"><img class="aligncenter size-full wp-image-18976" src="https://cafemystra.cafeblog.hu/files/2014/09/tiny_swedish_home_7.jpg" alt="tiny_swedish_home_7" width="1535" height="2048" /></a> <a href="https://cafemystra.cafeblog.hu/files/2014/09/tiny_swedish_home_8.jpg"><img class="aligncenter size-full wp-image-18977" src="https://cafemystra.cafeblog.hu/files/2014/09/tiny_swedish_home_8.jpg" alt="tiny_swedish_home_8" width="1982" height="1487" /></a> <a href="https://cafemystra.cafeblog.hu/files/2014/09/tiny_swedish_home_9.jpg"><img class="aligncenter size-full wp-image-18978" src="https://cafemystra.cafeblog.hu/files/2014/09/tiny_swedish_home_9.jpg" alt="tiny_swedish_home_9" width="1535" height="2048" /></a> <a href="https://cafemystra.cafeblog.hu/files/2014/09/tiny_swedish_home_10.jpg"><img class="aligncenter size-full wp-image-18979" src="https://cafemystra.cafeblog.hu/files/2014/09/tiny_swedish_home_10.jpg" alt="tiny_swedish_home_10" width="1534" height="2048" /></a>

<a href="http://decor8blog.com/2014/09/04/tiny-stylish-apartment-in-sweden/" target="_blank">Forrás</a> köszönettel

&nbsp;
<p style="text-align: justify">Ha tetszett a bejegyzés, köszönöm, hogy megosztod másokkal is.</p>
<p style="text-align: justify">A blog Facebook oldalához <a href="http://www.facebook.com/cafemystra" target="_blank">ide kattintva</a> csatlakozhatsz, ahol plusz tartalmakat találsz és értesítést kapsz a friss posztokról is. Ne felejtsd bejelölni a követés funkciót! :)</p>
<p style="text-align: justify">Köszönöm, hogy betértél néhány percre a Café Mystrába, máskor is érdekes bejegyzésekkel, újabb inspirációkkal várlak vissza!</p>
♡♡♡

&nbsp;
